inder when 16 is divided by -2*(-1)/(-2)*-10.
6
Let f(k) = k**2 + 3*k + 22. Suppose g + 3 = 0, -l + 2*l + 2*g = 11. Calculate the remainder when f(-5) is divided by l.
15
What is the remainder when (5/(-15))/(2/12) - -157 is divided by 13?
12
Suppose p - 241 = -3*j, 0 = -j + 13*p - 16*p + 83. Let q(x) = -x + 21. What is the remainder when j is divided by q(0)?
17
Let d = 4 + -2. Suppose d*v - 22 = v. What is the remainder when 65 is divided by v?
21
Suppose 3*o = 4*s - 0*s - 440, o = 2*s - 222. Suppose a = -4*x - 0*a + s, -5*a - 51 = -2*x. Let d = -20 + x. What is the remainder when d is divided by 3?
2
Suppose 144 = 4*a - 5*n - 163, 2*n - 158 = -2*a. What is the remainder when 14 is divided by a/18 + 6/9?
4
Suppose -14 = -4*y + 2*s, y = -0*y - s + 2. Calculate the remainder when 13 is divided by y.
1
Suppose 0 = -3*l + l + 146. Calculate the remainder when (-5)/15 + l/3 is divided by 13.
11
Let l(x) = x**3 + 6*x**2 - 13*x + 3. Calculate the remainder when l(-7) is divided by 17.
11
Suppose -3*x + x = -12. Calculate the remainder when 39 is divided by x.
3
Let h = 42 + -23. What is the remainder when 73 is divided by h?
16
Let r(b) = b**3 + 11*b**2 - 14*b - 3. Calculate the remainder when 82 is divided by r(-12).
19
Let c(n) = 5*n - 5. Suppose -2*b = -9 - 27. What is the remainder when b is divided by c(3)?
8
Let y(i) = 10*i**2 + 4*i + 5. What is the remainder when 31 is divided by y(-1)?
9
Let h(s) = -s**3 - 2*s**2 + 1. Let n be h(-2). Suppose -3*u = -2*u - n. Let r(t) = 38*t. What is the remainder when r(u) is divided by 13?
12
What is the remainder when (-233 + 0/(-1))*(-5 - -4) is divided by 47?
45
Let i(g) = 12*g + 16*g**3 - 12 + 3 + 14*g**2 - 15*g**3. What is the remainder when 10 is divided by i(-13)?
2
Suppose -3*v - 5*m = -106, -5*v + m = -2*m - 188. Calculate the remainder when v is divided by 10.
7
Let y = -37 + 69. Let b = y + -9. Calculate the remainder when b is divided by 12.
11
Let y be 7 + -1 - (17 + -13). Suppose -y*x + 34 - 4 = 0. What is the remainder when 58 is divided by x?
13
Let x = -55 - -113. Suppose -y - 2*p = 3*y - x, 68 = 5*y + p. Calculate the remainder when 48 is divided by y.
9
Suppose 0 = t - 4*t + 6. Let f be -5 + (0 + 0)/3. Let r(v) = v**3 + 4*v**2 - 5*v + 4. What is the remainder when r(f) is divided by t?
0
Suppose -b - 3*s + 7 = -10, 0 = 3*s + 9. What is the remainder when b is divided by 7?
5
Let z = 1 - 2. Suppose p - 20 = 5*q, 0 = q - 0*q + 1. Calculate the remainder when (-29 - -2)*z*1 is divided by p.
12
Suppose 0*v - 28 = -4*v + 4*m, -4*v + 2*m = -18. Suppose -4*l + v*l = -62. What is the remainder when l is divided by 11?
9
What is the remainder when -2 + -2 + 5 - -99 is divided by 17?
15
Let c(w) = w**3 + 13*w**2 - 15*w - 12. Calculate the remainder when c(-14) is divided by 2.
0
Suppose -1 = -3*u + 8. Let j be -2 - u*(-2 + 0). Let a(z) = 2*z**2 - 2*z - 5. Calculate the remainder when a(j) is divided by 7.
5
Suppose -16 = -4*p, 4*w - 2*p + 34 - 86 = 0. Let b(u) = -u**3 + 9*u**2 + 8*u - 15. What is the remainder when b(9) is divided by w?
12
Let m(u) = -5*u**2 - 4*u + 8. Let q(s) = 4*s**2 + 3*s - 7. Let j(i) = -6*m(i) - 7*q(i). What is the remainder when j(-7) is divided by 20?
18
Let b = -118 + 124. Calculate the remainder when 27 is divided by b.
3
Let p = 37 - 22. Let g be ((-24)/p)/(-2)*30. Suppose 5*h + 10 = -0*u - u, g = 4*u + 4*h. Calculate the remainder when 27 is divided by u.
7
Let a = 3 - 0. Suppose -22 = -a*q - 7. Calculate the remainder when 13 is divided by q.
3
Let o be -1 + -1 + -2 + -11. Let n = o - -17. Calculate the remainder when 7 is divided by n.
1
Let u(f) = -f**3 - f**2 + f - f**2 - 4 - 2*f. Let q be u(-3). Suppose 7 = 3*h - q. What is the remainder when 8 is divided by h?
3
Let y(v) = 4*v + 2. Let w = 3 - 2. What is the remainder when y(3) is divided by (-4 + 2)/(w/(-2))?
2
Let i = -17 + 37. Let x = -2 + i. What is the remainder when x is divided by 5?
3
Let a(g) = 2*g**3 - 8*g**2 + 8*g + 1. Calculate the remainder when a(4) is divided by 5.
3
Suppose 5*c = 3*h - 9, h - 2*c = -2*h. Suppose u - 120 = -3*u. Let n = h + u. What is the remainder when n is divided by 10?
8
Calculate the remainder when 21/2 - (1 - (-12)/(-8)) is divided by 7.
4
Let n be (-4 + 3)*-1 - -29. What is the remainder when 1062/n + 4/(-10) is divided by 9?
8
Suppose -3*k = 2*i - 15, k - 25 = -4*i - 0. Let m(h) = 2*h - 3. Suppose a = -3*a + 4*b + 112, 2*b - 126 = -5*a. What is the remainder when a is divided by m(i)?
8
Calculate the remainder when (21 + 2 - 3) + -1 is divided by 5.
4
Let p(f) = -f + 63. Suppose -3*z + 8 = -1, 0 = l - 3*z + 9. Calculate the remainder when p(l) is divided by 22.
19
Suppose 2*g + 2 = 6. Calculate the remainder when 13 is divided by 0 + 20/g + -2.
5
Let k = 31 - 19. Suppose -2*z - z = -k. Calculate the remainder when -1 - (-12 + (-2 - -3)) is divided by z.
2
Let a(y) = -4*y - 102. What is the remainder when a(-28) is divided by (6/5)/((-6)/(-20))?
2
Suppose 0 = y + 4*u + 1, 6*y + 3*u - 35 = 2*y. Suppose 4*w = 47 + 81. What is the remainder when w is divided by y?
10
Let k = -61 - -165. Let m = k + -43. What is the remainder when m is divided by 21?
19
Let v(y) = -3*y - 2. Let h be ((-3)/(-1))/((-6)/4). What is the remainder when v(-2) is divided by (-4)/h*(-6)/(-4)?
1
Let t(l) = l**3 + 10*l**2 - 11*l - 2. Let x be t(-10). Suppose -4*k + 4*v = -x, -k - 5 + 32 = 4*v. What is the remainder when k is divided by 14?
13
Let u(z) = 53*z**2 + z. Let t be u(-1). What is the remainder when 25 is divided by (-1)/(-3) - t/(-6)?
7
Suppose -2*g + 8 = 0, 279 - 11 = -2*b + 5*g. Let p = b + 46. Let c = -37 - p. What is the remainder when c is divided by 14?
13
Suppose 0 = -6*u + 5*u + 2. Calculate the remainder when ((-6)/4 + 0)*-2 is divided by u.
1
Let j(r) = -2*r**3 + 11*r**2 - 15*r + 12. Let s(t) = -t**3 + 5*t**2 - 8*t + 6. Let u(h) = -3*j(h) + 5*s(h). What is the remainder when u(8) is divided by 9?
7
Let r = 54 + -47. Let q(t) = t**3 - t - 12. Let y(m) = 2*m**3 - 2*m - 12. Let g(p) = -3*q(p) + 2*y(p). What is the remainder when g(0) is divided by r?
5
Suppose 0 = -0*s + 5*s - 15, 5*i - 2*s - 149 = 0. Calculate the remainder when i is divided by 11.
9
Let k be (2/4)/((-3)/(-30)). Let f = 8 - k. Calculate the remainder when 3 is divided by f.
0
Let k = 29 + 20. Suppose 5*q = -k - 56. What is the remainder when 1/(-3) + (-868)/q is divided by 21?
20
Let c be (-2)/(-4)*18/1. Let v(b) = -c*b**2 - 3*b + 8 - 5 + 8*b - b**3. Calculate the remainder when v(-10) is divided by 18.
17
Let l be 82/(-7) - 8/28. Let a = l - -17. What is the remainder when -2 - -2 - (1 + -15) is divided by a?
4
Let a(w) = 7*w**2 + 3*w - 3. Let o be a(2). Suppose -4*j - 2*y + 9 = -o, 0 = 5*j + y - 53. Suppose j - 3 = x. What is the remainder when 14 is divided by x?
6
Suppose -o + 31 = 3*c - 10, 5*c - 35 = 5*o. Suppose -2*i + c = -4. Suppose 5*b - b = i. Calculate the remainder when 5 is divided by b.
1
Suppose -4*d - 5*y + 75 = 0, -4*y = d - 3*d + 18. What is the remainder when 44 is divided by d?
14
Let r(f) = -f**3 - 6*f**2 - 5*f - 4. Let x be r(-5). What is the remainder when 17 is divided by (-42)/(-8) + 1/x?
2
Let t be -1*(2 - 5 - 0). Suppose -2*i = -y + 9, -5*y + 0 + 6 = t*i. Calculate the remainder when 18 is divided by -6 + y + 39/3.
8
Let q be 1/(166/82 - 2). Suppose 2*h - q - 31 = 0. Calculate the remainder when h is divided by 13.
10
Let c(u) = 2*u - 12. Let g be ((-11)/(-3))/(6/54). Let d = g - 23. Calculate the remainder when d is divided by c(9).
4
Let b = 1 - -36. What is the remainder when b is divided by 6?
1
Suppose -3*a + 4*f + 59 = 0, 4*a - f - 9 - 61 = 0. Let n = 30 - a. What is the remainder when n is divided by 7?
6
Let k(g) = 2*g + 5. Let n(d) = 2*d + 4. Let p(a) = 2*k(a) - 3*n(a). What is the remainder when p(-5) is divided by (-1)/(-1) + 4 + -2?
2
Let h(v) = -13*v - 2. Calculate the remainder when 46 is divided by h(-2).
22
Suppose 5*d + 4*t - 40 = -t, 4*t = 5*d - 22. Suppose -3*m + 24 = 3*k, -48 = -d*m + m - k. What is the remainder when m is divided by 3?
1
Let f(c) = -17*c - 4. Let w be f(-2). Let k = w + -5. What is the remainder when k is divided by 13?
12
Let a = -10 - -18. Let b be 6/(-9) + (-14)/6 + 4. Let s = a - b. What is the remainder when 20 is divided by s?
6
Let p(a) = 2*a**